when q(3) is divided by 0 + 9 + (-1 - -2)?
8
Let v(q) = -8*q - 6. Let f be v(-5). Let k = -21 + f. Calculate the remainder when 3*k - (5 + -4) is divided by 13.
12
Suppose 4*w = -5 - 3. Let r = w + 3. Let q = 27 - 25. Calculate the remainder when q is divided by r.
0
What is the remainder when 127 is divided by 2/(-2) + 7/(7/27)?
23
Let p be (3 - (-14)/(-4))*-8. Suppose -q = p*q - 25. Suppose -g + 4*o - 4 = 0, -5*g + 4*o - 2*o = -16. Calculate the remainder when q is divided by g.
1
Let a = -52 + 75. What is the remainder when 114 is divided by a?
22
Suppose 2*b = -x + 1, 13 = 3*x - 5*b - 1. Let r = -2 + x. What is the remainder when 1 is divided by r?
0
Let t(z) = z**3 - z**2 - 3*z - 2. Let c be t(3). Let g = -22 - c. Let k = g + 41. Calculate the remainder when 22 is divided by k.
10
Suppose -5*i - 2*h = -340, i - 5*h - 64 = 31. Calculate the remainder when i is divided by 36.
34
Let n = 32 - 19. Calculate the remainder when n is divided by 7.
6
Let q = -7 - -17. Calculate the remainder when q is divided by 4.
2
Let l be 13 + 0/(-1) - 0. Suppose l + 142 = 5*z. What is the remainder when z is divided by 17?
14
Calculate the remainder when (-2 + -3)/((-5)/40) is divided by 14.
12
Suppose -2*y = y - 66. Let j be 2/(-6) + y/(-6). Let f(h) = h**2 + 4*h + 4. Calculate the remainder when 10 is divided by f(j).
2
Suppose g = -3*r - 353, 4*g - 560 = -2*r + 7*r. Let m = r - -193. Calculate the remainder when m is divided by 20.
17
Suppose -k - 598 = -5*v, -355 + 1 = -3*v + 3*k. Suppose q - 6*q = -v. Calculate the remainder when q is divided by 13.
11
Let z = 52 - 13. Calculate the remainder when 77 is divided by z.
38
Let x(d) = 11*d. Suppose -5*l - 28 = -3*v, -14 = v - 4*v - 2*l. Calculate the remainder when x(2) is divided by v.
4
Suppose 4*g = -0*g + 24. What is the remainder when 55 is divided by 1 + g/(-3) - -15?
13
Suppose 0 = 3*v - 0*v. Suppose r + j = -2*r + 39, 3*j = v. Calculate the remainder when (-2)/2*(2 - 39) is divided by r.
11
Suppose 0 = -5*u - 25, -3*k - u + 17 = 4. Let v = k + 0. Calculate the remainder when 11 is divided by v.
5
Suppose 572 = 34*d - 30*d. Calculate the remainder when d is divided by 18.
17
Suppose -11 = -v - 3*i, -3*v + i = -0*v - 33. Calculate the remainder when v is divided by 7.
4
Let n = 4 + -5. What is the remainder when 438/12 + n/(-2) is divided by 13?
11
Suppose 0*j + 56 = -2*j. Suppose -5*d + 5*k + 3 = 33, 3*k = -d - 2. Let u = d - j. What is the remainder when u is divided by 12?
11
Let n = -4 + 5. What is the remainder when 1 is divided by n?
0
Let q be (-103)/(-6) + 1/(-6). Let j = 13 + q. Suppose g + g = j. What is the remainder when g is divided by 9?
6
Suppose -s = s - 10. Let f(p) = s*p - 4 + 4. Calculate the remainder when 43 is divided by f(3).
13
Suppose 3*a = 2*d - 6*d + 35, -5*a = -d + 3. Suppose k + 3*k = 0. Suppose 57 = 4*n + 3*s, 2*n + 4*s - 26 = -k*n. Calculate the remainder when n is divided by d.
7
Suppose -13*p + 285 = 2*p. What is the remainder when 36 is divided by p?
17
Suppose -2*a + m + 28 = 0, 0*m = -a - 3*m + 28. What is the remainder when 31 is divided by a?
15
Let s be 1*(0 - 1)*-35. What is the remainder when ((-60)/s)/((-2)/14) is divided by -1 + 6 + -5 + 5?
2
Let s = -3 - -5. Suppose 78 = s*t - 5*b, -3*t + 4*t = b + 33. What is the remainder when t is divided by 10?
9
Let q(g) be the second derivative of g**4 + g**3/6 - g. Calculate the remainder when q(-1) is divided by 6.
5
Suppose 3*n = 5*m + 94, -2*n + 4*m + 0*m + 66 = 0. Let t = n + -12. Calculate the remainder when t is divided by 7.
4
Let i = -31 - -46. Suppose 3*b = 12, j - 5*j + b - 556 = 0. Calculate the remainder when 4/10 + j/(-5) is divided by i.
13
Calculate the remainder when 1728/63 + 8/14 is divided by 15.
13
Calculate the remainder when 87 is divided by (90/21)/(2/14).
27
Let y(i) = i**3 - 8*i**2 + 9*i - 7. Let x(r) = 2*r**2 + 2*r - 3. Let q be x(3). What is the remainder when 6/(-14) + 282/q is divided by y(7)?
6
Suppose 23 = 4*s - 17. Suppose -38 = -2*q - 4*g, -2*q = 3*q - g - 150. What is the remainder when q is divided by s?
9
Let r be (-3)/(-6)*-1*0. Suppose 2*c + 32 = -5*h, r = -2*c + 5*h + 4 + 4. What is the remainder when 40 is divided by (2/(-5))/(c/210)?
12
Let o = 13 + -3. Let y = 12 - o. What is the remainder when 8 is divided by y?
0
Let w = -32 + 34. Suppose -w*h + 4 + 4 = 0. Calculate the remainder when h is divided by (-13)/(-4) - 1/4.
1
Let q = 113 + -68. Calculate the remainder when q is divided by 16.
13
Let i be 12/(-3)*(-6)/(-4). Let v(s) = -s - 4. Let y be v(i). Suppose -2*a - y*a + 28 = 0. What is the remainder when 13 is divided by a?
6
Let h(l) = 3*l + 8. Let r be h(-6). Let m be 1*6/(4/(-2)). Let d = m - r. What is the remainder when 12 is divided by d?
5
Let f(g) = g - 6. Let b be f(5). Let o = b - -12. Calculate the remainder when 41 is divided by o.
8
Suppose -3 = -p - 2*p. Let c(s) = 10*s**3. Let u be c(p). Let d(f) = f**3 - 11*f**2 + 10*f + 3. What is the remainder when d(u) is divided by 2?
1
Let f(l) = l + 10. Suppose -7*t - 45 = -2*t. Calculate the remainder when 2 is divided by f(t).
0
Let r = -3 + 14. Calculate the remainder when 17 is divided by r.
6
Let b(h) = -h. Let g be b(-3). Let s be g/((3 + 0)/1). Suppose 0 = 3*j - 8 - s. What is the remainder when 4 is divided by j?
1
Let r = -21 - -35. What is the remainder when r is divided by 8?
6
Let t be 8/32 + 23/4. Suppose t*g - 3*g = 45. What is the remainder when g is divided by 4?
3
Let k(i) = -i**3 - 4*i**2 - 4*i - 1. Suppose 1 = 3*g + 5*m - 6, 0 = 4*g + 5*m - 11. Suppose 3*o - g = 2. What is the remainder when k(-3) is divided by o?
0
Let z = 295 + -205. What is the remainder when z is divided by 23?
21
Calculate the remainder when -69*(-18)/27 + (6 - 1) is divided by (-17)/(-1) - -1*1.
15
Let x = 4 - -20. What is the remainder when 91 is divided by x?
19
Calculate the remainder when 49 is divided by (3 + 93/(-21))*-7.
9
Let z = -7 - -15. Suppose m - z = -0*m. What is the remainder when 21 is divided by m?
5
Let u be ((-40)/28)/(1/(-7)). Suppose u = 2*w, -5*n = -3*w + 6*w - 70. What is the remainder when 57/2 - (-3)/2 is divided by n?
8
Suppose -440 = -4*t + 2*j - j, t = j + 110. What is the remainder when 65 is divided by (12/30)/(2/t)?
21
Let p(f) = -33*f - 6. Let z be p(-8). Suppose 4*c + 19 - 268 = -5*u, 2*u = -4*c + z. What is the remainder when c is divided by 17?
15
Let s(r) = -2*r**2 + 21*r - 9. Calculate the remainder when 267 is divided by s(6).
42
Suppose -y + 105 = 2*y. Suppose 3*k + 5 = -2*k. What is the remainder when y is divided by (5 - k)/(1/2)?
11
Let i = 18 - 7. Suppose -28 = -4*w + g + 3*g, 0 = 3*w + 5*g + i. Calculate the remainder when 9 is divided by w.
0
Let s(y) = -y + 3. Suppose -4*b = 5*z + 60, -3*b + 0*z = -2*z + 68. Let k = 40 + b. What is the remainder when k is divided by s(-4)?
6
Suppose 4*j = -b - b + 40, 5*b - 2*j - 136 = 0. Suppose 0*w + b = 2*w. Calculate the remainder when w is divided by (-216)/(-28) - 2/(-7).
5
Let f(l) = l**2 - 15*l + 3. Calculate the remainder when f(16) is divided by 10.
9
Let z(i) = 0*i + 12*i + 5*i - 3 - 4. Calculate the remainder when z(3) is divided by 15.
14
Suppose 2*u - 4*q = -20 + 2, -2*u - 5*q - 18 = 0. Let k = u - -13. Calculate the remainder when k is divided by 3.
1
What is the remainder when (-412)/8*(-8)/4 is divided by 35?
33
Suppose -4*z + 9*z + 3*n = 207, -3*z - 2*n = -124. Let i be ((-54)/(-5))/(8/20). Suppose -18 = -3*a + i. What is the remainder when z is divided by a?
12
Let k(t) = t**3 - 8*t**2 + 8*t - 6. Let m be k(7). Let z = 5 - m. Suppose -7 + 23 = z*p. Calculate the remainder when 6 is divided by p.
2
Suppose b = 2*u + 6, -5*b = -b + 4*u + 36. Let c = b - -12. Calculate the remainder when 29 is divided by c.
5
Let y = -17 - -24. Suppose 8*a - y*a = 48. What is the remainder when a is divided by 17?
14
Suppose p + 45 = 6*p. What is the remainder when 26 is divided by p?
8
Suppose -3*m + 86 = -2*i, i = -3*m + 5*i + 82. Calculate the remainder when m is divided by 8.
6
Suppose 0 = 5*j + 5*v + 5 - 75, 4*j - v = 56. Calculate the remainder when 96 is divided by j.
12
Suppose -4*g - 2*s = -s - 20, -2*g - s = -12. Let u(f) = -f + 6. What is the remainder when u(0) is divided by g?
2
Let y be (2*1)/(6/(-141)). Let t = y + 87. Suppose -v 